at is the greatest common divisor of 175029092 and 1591?
1591
What is the highest common divisor of 100 and 643417150?
50
What is the greatest common divisor of 3847151 and 1547?
119
Calculate the greatest common factor of 7 and 432717397.
7
What is the greatest common divisor of 11940 and 19238325?
2985
Calculate the greatest common factor of 64 and 17066704.
16
Calculate the highest common factor of 14295 and 36235.
5
What is the highest common divisor of 522159620 and 2865?
955
What is the highest common factor of 1318972 and 1592?
796
What is the greatest common factor of 142945 and 22220?
55
What is the greatest common factor of 1245500 and 1510580?
940
What is the highest common divisor of 702 and 986362?
26
What is the greatest common divisor of 658 and 64566955?
47
Calculate the highest common divisor of 58835 and 46130.
35
What is the highest common factor of 146003 and 36322?
143
Calculate the highest common divisor of 40051 and 24163.
331
What is the greatest common divisor of 1560600 and 9975?
75
What is the highest common factor of 877848 and 2005716?
5556
What is the highest common divisor of 70 and 58573480?
70
Calculate the highest common divisor of 2922 and 8202.
6
What is the highest common factor of 506704482 and 36?
18
Calculate the highest common factor of 16 and 3799496.
8
Calculate the greatest common factor of 12920842 and 2024.
22
Calculate the greatest common factor of 326443 and 94913.
13
What is the highest common factor of 147 and 233170273?
49
What is the highest common factor of 594 and 15849867?
33
What is the highest common divisor of 438 and 10758010?
146
What is the greatest common factor of 12675 and 3214887?
507
Calculate the highest common divisor of 24418 and 507210.
58
Calculate the highest common factor of 94 and 80390.
2
What is the highest common factor of 210 and 140501235?
105
What is the highest common divisor of 1632062 and 3306?
1102
Calculate the greatest common divisor of 510 and 6589455.
255
What is the highest common divisor of 147200 and 126200?
200
What is the greatest common factor of 18615716 and 70?
14
Calculate the greatest common factor of 233097960 and 48.
24
Calculate the highest common factor of 2598076 and 119.
17
Calculate the greatest common divisor of 12627 and 212668143.
4209
Calculate the greatest common factor of 3 and 7278543.
3
What is the highest common factor of 40870 and 205690?
670
What is the greatest common factor of 3568 and 738799?
223
Calculate the greatest common factor of 124656 and 528.
48
What is the greatest common factor of 23514708 and 106575?
4263
Calculate the highest common divisor of 687 and 46583409.
687
What is the greatest common factor of 2872581 and 1277187?
4359
What is the greatest common divisor of 4311 and 1388621?
479
What is the greatest common divisor of 7075 and 830575?
25
What is the highest common factor of 290 and 3378558?
58
Calculate the greatest common factor of 78435 and 1373733.
2241
What is the highest common divisor of 398 and 116406244?
398
Calculate the greatest common divisor of 35119980 and 3192.
1596
What is the highest common divisor of 156638 and 33235?
289
Calculate the highest common factor of 68 and 61484087.
17
Calculate the greatest common factor of 780850 and 625646.
322
What is the highest common factor of 379379 and 4697?
77
What is the greatest common divisor of 131374 and 15?
1
What is the greatest common divisor of 6732 and 161964?
396
Calculate the greatest common factor of 54800725 and 3150.
175
What is the greatest common divisor of 11907226 and 522?
58
What is the greatest common divisor of 4 and 327474820?
4
What is the greatest common factor of 17043369 and 6678?
1113
What is the greatest common factor of 288 and 72192352?
32
Calculate the highest common factor of 163270 and 5380028.
1126
Calculate the highest common divisor of 275 and 9170535.
55
What is the greatest common divisor of 7775 and 64015307?
311
Calculate the highest common factor of 7955 and 1069115.
185
What is the greatest common divisor of 195 and 31646290?
65
Calculate the highest common factor of 321406479 and 49635.
9927
What is the greatest common factor of 667042901 and 28?
7
Calculate the greatest common divisor of 49 and 8814491.
7
Calculate the highest common factor of 5973236 and 13511.
229
Calculate the highest common factor of 7619690 and 260.
130
Calculate the greatest common divisor of 9555798 and 168.
42
What is the highest common factor of 3618450 and 1548?
774
What is the greatest common factor of 216 and 557552?
8
Calculate the greatest common factor of 15854861 and 11.
11
What is the greatest common factor of 2704 and 31152?
16
Calculate the greatest common divisor of 1080728 and 209.
11
Calculate the greatest common divisor of 9866148 and 1044.
348
What is the greatest common factor of 6266965 and 1955?
85
What is the greatest common factor of 188687413 and 12548?
3137
What is the highest common divisor of 37661 and 19981?
13
Calculate the highest common divisor of 432 and 686934.
54
Calculate the highest common factor of 6 and 17921505.
3
Calculate the greatest common factor of 321 and 1050008655.
321
What is the greatest common divisor of 54 and 34017273?
27
What is the greatest common divisor of 4945150 and 6440?
70
What is the greatest common factor of 1788 and 25635450?
894
What is the greatest common divisor of 18414 and 5266218?
186
Calculate the greatest common divisor of 2790087 and 2.
1
Calculate the highest common factor of 1890 and 15037470.
630
Calculate the highest common divisor of 16600 and 3167575.
25
What is the highest common divisor of 140705519 and 4207?
601
What is the greatest common factor of 15501 and 5280?
3
Calculate the highest common factor of 13543452 and 172.
172
Calculate the highest common factor of 19597926 and 32978.
2998
Calculate the highest common factor of 96483 and 19000497.
3327
Calculate the greatest common factor of 93 and 76027624.
31
Calculate the highest common divisor of 12788860 and 21042.
2338
What is the highest common divisor of 85147 and 2?
1
Calculate the highest common divisor of 420753 and 4825038.
3027
What is the highest common divisor of 12524280 and 80?
40
Calculate the greatest common factor of 57330 and 5090.
10
Calculate the greatest common factor of 3680670 and 4165.
595
What is the greatest common factor of 208745894 and 798?
266
Calculate the greatest common divisor of 809 and 223584139.
809
Calculate the greatest common factor of 14421160 and 920.
40
Calculate the highest common factor of 3388284 and 972.
108
What is the highest common factor of 286 and 12418890?
22
What is the greatest common factor of 9585 and 5603550?
15
Calculate the greatest common divisor of 117705638 and 2336.
146
Calculate the highest common divisor of 5866972 and 238.
34
Calculate the greatest common factor of 1805 and 27640.
5
What is the greatest common factor of 621 and 793437003?
207
What is the highest common factor of 1941885 and 220?
55
What is the highest common factor of 24332 and 1733102?
1106
Calculate the highest common factor of 384662 and 82.
82
What is the greatest common divisor of 4148 and 1836464780?
4148
What is the greatest common divisor of 15182136 and 984?
984
Calculate the highest common divisor of 17733639 and 385.
77
What is the greatest common factor of 1475 and 67706689?
59
Calculate the greatest common factor of 20 and 103801940.
20
What is the highest common divisor of 30 and 6034665?
15
Calculate the highest common factor of 41846659 and 67.
67
Calculate the greatest common factor of 35501 and 843623.
271
What is the greatest common factor of 134 and 481569602?
134
What is the greatest common factor of 871790 and 17660?
10
What is the highest common divisor of 10321697 and 6731?
53
What is the greatest common factor of 624250280 and 80?
40
Calculate the highest common factor of 8913482 and 8733.
2911
Calculate the highest common factor of 452620156 and 164.
164
Calculate the greatest common divisor of 72 and 79153320.
24
Calculate the greatest common divisor of 1887 and 153505563.
1887
Calculate the highest common divisor of 8 and 1607747.
1
Calculate the highest common factor of 265 and 70830737.
53
Calculate the highest common factor of 47444078